t 118452 (base 9) to base 7.
416240
23269 (base 13) to base 12
3114a
Convert 1b5157 (base 14) to base 4.
3231320321
What is -313c (base 13) in base 2?
-1101010011011
104440211 (base 5) to base 8
1622325
What is 677555 (base 8) in base 5?
24313404
-3332411 (base 6) to base 15
-34a97
Convert 101011111110000000101110 (base 2) to base 16.
afe02e
Convert -121111100002111 (base 3) to base 14.
-1242639
1320223102 (base 4) to base 3
221010001001
-1352415 (base 6) to base 14
-20119
Convert d4bd25 (base 16) to base 7.
226335246
What is -a0850a (base 11) in base 12?
-662639
What is 6562 (base 16) in base 13?
ba76
-124254112 (base 6) to base 3
-11121102110122
What is -30103324 (base 7) in base 8?
-11374466
-8807674 (base 9) to base 7
-55125565
Convert 32204154 (base 6) to base 10.
949606
2203044 (base 7) to base 3
111201100000
8d960 (base 14) to base 2
1010100001100010000
-2adad (base 15) to base 11
-94825
-acce (base 16) to base 5
-2403423
1011110001100001001000 (base 2) to base 15
40e758
What is -2506261 (base 7) in base 5?
-40242112
Convert 44860a (base 11) to base 6.
23150132
Convert 6c0a9 (base 13) to base 7.
1452610
Convert 67008 (base 12) to base 15.
2a6b5
Convert 7570702 (base 9) to base 14.
77a388
What is 567855 (base 10) in base 4?
2022220233
Convert 1110110101001 (base 3) to base 2.
10111101100111010000
What is 16a28 (base 14) in base 3?
2220000112
32114341 (base 5) to base 6
5441511
What is 66299 (base 12) in base 16?
21015
-81ba5 (base 13) to base 15
-48e1e
-20a8b9 (base 12) to base 2
-1111110000010001101
Convert -10300203301 (base 4) to base 9.
-2311181
Convert 6505014 (base 8) to base 9.
3240748
What is 151646 (base 8) in base 5?
3213212
Convert -db237 (base 14) to base 15.
-a70a8
Convert 105223614 (base 7) to base 5.
3114032141
1166156 (base 8) to base 5
40311140
What is 2035720 (base 8) in base 10?
539600
Convert 226645242 (base 7) to base 12.
482aa73
What is 235671 (base 8) in base 15?
18e35
Convert 11000000011011001 (base 2) to base 6.
2040041
-12430 (base 5) to base 11
-820
Convert -356862 (base 12) to base 4.
-3102121022
What is -112500444 (base 6) in base 13?
-583228
-33044012 (base 6) to base 9
-1762268
11000001100110001011 (base 2) to base 8
3014613
Convert -341123230 (base 5) to base 13.
-408c30
Convert -2318771 (base 9) to base 5.
-310044203
What is 525024 (base 6) in base 7?
235051
13b8793 (base 12) to base 5
2004204034
1142140243 (base 5) to base 10
2693198
Convert 9b335 (base 13) to base 2.
1000100110010100111
Convert -420144000 (base 5) to base 10.
-1724875
What is -5184163 (base 9) in base 8?
-12445524
Convert 11452234 (base 6) to base 14.
96ca2
686659 (base 11) to base 16
10aa72
What is 17210020 (base 8) in base 2?
1111010001000000010000
What is 2b9b5 (base 16) in base 12?
87445
What is -3364550 (base 7) in base 4?
-1212121202
Convert abba93 (base 15) to base 11.
4694410
Convert 3235805 (base 9) to base 15.
244752
-42243310 (base 5) to base 10
-352955
Convert 7569d (base 16) to base 8.
1653235
-140f43 (base 16) to base 15
-1ae7bc
What is 100110110000001101110001 (base 2) in base 3?
201010010110211
1010000100010101101110 (base 2) to base 8
12042556
Convert 205a19 (base 12) to base 16.
7bf75
What is 10010000010100100000 (base 2) in base 5?
122404021
What is 7b1a9 (base 12) in base 8?
501121
-334432300 (base 5) to base 11
-9235a1
12054311 (base 6) to base 3
201100020021
-f33b (base 16) to base 5
-3443032
350892 (base 10) to base 7
2661003
Convert -32442140 (base 5) to base 13.
-9ab33
Convert -11101010 (base 2) to base 4.
-3222
Convert 100101000110101011111010 (base 2) to base 16.
946afa
118840 (base 11) to base 15
3a7a2
Convert 342832 (base 11) to base 4.
2011021212
3013105 (base 6) to base 2
100010101010000001
-7a72 (base 14) to base 8
-51424
Convert ab69 (base 13) to base 4.
11311230
-11020201002112 (base 3) to base 9
-4221075
Convert -289784 (base 11) to base 13.
-12aa58
-210030013 (base 4) to base 14
-3c03d
Convert -77553 (base 8) to base 15.
-99e9
Convert -43b3d (base 15) to base 12.
-a461a
Convert -453874 (base 11) to base 6.
-23252403
Convert 2502b4a (base 13) to base 11.
6556493
What is -41113 (base 10) in base 7?
-230602
What is 469c (base 13) in base 8?
23313
What is 121ba45 (base 12) in base 14?
67a817
100001201111 (base 3) to base 4
223203202
Convert b6274 (base 13) to base 15.
671c6
What is -133011012 (base 4) in base 9?
-213556
100321110 (base 4) to base 11
47aa3
-1231010133 (base 4) to base 7
-3540324
-a181 (base 16) to base 3
-2002201022
Convert -66809 (base 14) to base 7.
-2053412
Convert -341986 (base 13) to base 4.
-10230301033
What is -10001010001110000011000 (base 2) in base 12?
-1625074
2393021 (base 10) to base 3
11111120121102
-1198676 (base 10) to base 13
-32c79b
-11000100010111000 (base 2) to base 9
-162816
-1133323 (base 4) to base 5
-144024
Convert -159baa (base 14) to base 13.
-206697
Convert -525154 (base 7) to base 4.
-112020100
Convert 15a010 (base 11) to base 9.
416545
What is -2211401240 (base 5) in base 7?
-55514342
What is -1332323112 (base 4) in base 2?
-1111110111011010110
-103246052 (base 7) to base 8
-27405165
What is -6050385 (base 9) in base 6?
-153015335
What is 7aa89 (base 16) in base 6?
14433545
Convert 100111111001001001001110 (base 2) to base 15.
db8888
Convert 24117a (base 13) to base 6.
30230121
-1b10430 (base 14) to base 9
-27332647
What is 23225564 (base 7) in base 12?
82499b
-d8e1a7 (base 16) to base 14
-1c5dc11
What is 177585 (base 9) in base 10?
110561
What is 53305 (base 13) in base 12?
72904
Convert -1211110034 (base 5) to base 11.
-166470a
Convert -5868220 (base 9) to base 14.
-5c90bd
What is -b8679 (base 13) in base 4?
-1101100331
-130420304 (base 5) to base 2
-10011011111101101101
Convert -5103322 (base 6) to base 13.
-860c0
What is -85640 (base 11) in base 8?
-363211
-322040002 (base 6) to base 3
-101201110010002
Convert 69176 (base 10) to base 11.
47a78
-11010101011010001110000 (base 2) to base 11
-3a46a50
What is 215316 (base 8) in base 5?
4304043
What is -245551050 (base 6) in base 10?
-4757862
Convert -2431031 (base 5) to base 7.
-250300
Convert b1b129 (base 12) to base 13.
763050
Convert 4748c (base 14) to base 8.
523324
Convert -a5b15 (base 12) to base 8.
-651001
17b2348 (base 12) to base 8
22727150
-2b263 (base 16) to base 7
-1334163
210448 (base 10) to base 14
569a0
Convert 7661532 (base 9) to base 10.
4114910
What is -4d26e1 (base 15) in base 10?
-3703936
-1406141 (base 7) to base 4
-231222011
Convert 30d2d9 (base 15) to base 9.
4330066
What is -211441352 (base 7) in base 15?
-117ce88
-249770 (base 12) to base 4
-2101310010
-1074482 (base 10) to base 3
-2000120220122
-221000102122 (base 3) to base 7
-4120352
-30236316 (base 7) to base 14
-4960b6
-3020130303 (base 4) to base 15
-113413
What is -1551128 (base 9) in base 6?
-30234555
Convert -1402521 (base 6) to base 10.
-78385
Convert 603769 (base 12) to base 7.
15513015
-121211001202100 (base 3) to base 2
-100010000101111110010000
Convert 2312323 (base 6) to base 11.
8102a
What is -16837 (base 10) in base 8?
-40705
What is 178457 (base 9) in base 5?
12024214
Convert -10010111100010110001100 (base 2) to base 12.
-17b5864
-10314423123 (base 5) to base 9
-22775674
What is 103033312 (base 4) in base 3?
11000010221
Convert 11034331300 (base 5) to base 11.
6875135
230311130 (base 4) to base 15
3962e
-41370542 (base 8) to base 2
-100001011111000101100010
Convert -13453221 (base 6) to base 2.
-1101111110111101101
Convert -509346 (base 11) to base 14.
-173d95
What is -c6d58 (base 14) in base 12?
-1b19aa
What is -395b2 (base 14) in base 2?
-100010011100011000
-21330001131 (base 4) to base 14
-4bb581
Convert 319503 (base 11) to base 10.
510381
200330031 (base 4) to base 6
2520353
-791526 (base 10) to base 13
-219378
Convert -7dd31 (base 15) to base 16.
-61f45
What is 14031010222 (base 5) in base 3?
1020112210112101
Convert -34401410 (base 5) to base 6.
-10345205
-1112010201011 (base 3) to base 11
-503388
Convert 3014334 (base 8) to base 11.
4a1704
315286 (base 9) to base 7
1410630
What is 6270137 (base 8) in base 6?
55422211
-17ad9 (base 16) to base 11
-66959
What is -346653 (base 7) in base 14?
-18a63
-202120013 (base 5) to base 2
-11000111011011110011
Convert -b12c0c (base 13) to base 16.
-3edab2
25414032 (base 6)